{"id":124,"date":"2025-09-16T13:46:11","date_gmt":"2025-09-16T11:46:11","guid":{"rendered":"https:\/\/evykonyvei.hu\/?page_id=124"},"modified":"2025-09-16T16:01:30","modified_gmt":"2025-09-16T14:01:30","slug":"nyugaton-a-helyzet-valtozatlan","status":"publish","type":"page","link":"https:\/\/evykonyvei.hu\/?page_id=124","title":{"rendered":"Nyugaton a helyzet v\u00e1ltozatlan"},"content":{"rendered":"\n<div class=\"wp-block-columns is-layout-flex wp-container-core-columns-is-layout-9d6595d7 wp-block-columns-is-layout-flex\">\n<div class=\"wp-block-column is-layout-flow wp-block-column-is-layout-flow\" style=\"flex-basis:100%\">\n<div class=\"wp-block-columns is-layout-flex wp-container-core-columns-is-layout-9d6595d7 wp-block-columns-is-layout-flex\">\n<div class=\"wp-block-column is-layout-flow wp-block-column-is-layout-flow\" style=\"flex-basis:33.33%\">\n<figure class=\"wp-block-image size-full\"><img loading=\"lazy\" decoding=\"async\" width=\"312\" height=\"500\" src=\"https:\/\/evykonyvei.hu\/wp-content\/uploads\/2025\/09\/nyugatonahelyzet.jpg\" alt=\"\" class=\"wp-image-127\" style=\"object-fit:cover\" srcset=\"https:\/\/evykonyvei.hu\/wp-content\/uploads\/2025\/09\/nyugatonahelyzet.jpg 312w, https:\/\/evykonyvei.hu\/wp-content\/uploads\/2025\/09\/nyugatonahelyzet-187x300.jpg 187w\" sizes=\"auto, (max-width: 312px) 100vw, 312px\" \/><\/figure>\n<\/div>\n\n\n\n<div class=\"wp-block-column is-layout-flow wp-block-column-is-layout-flow\" style=\"flex-basis:66.66%\">\n<p class=\"has-medium-font-size\"><strong>Erich Maria Remarque: Nyugaton a helyzet v\u00e1ltozatlan<\/strong><\/p>\n\n\n\n<p class=\"has-small-font-size\">\u201e\u2013 A h\u00e1bor\u00fa alkalmatlann\u00e1 tett benn\u00fcnket mindenre.<br>&nbsp;&nbsp;&nbsp;&nbsp;Igaza van. Mi m\u00e1r nem vagyunk ifj\u00fas\u00e1g. Menek\u00fcl\u0151k vagyunk. Menek\u00fcl\u00fcnk<br>\u00f6nmagunk el\u0151l. Az \u00e9let\u00fcnk el\u0151l. Tizennyolc esztend\u0151sek voltunk, s kezdt\u00fck<br>szeretni a vil\u00e1got \u00e9s az \u00e9letet; \u00e9s l\u00f6v\u00f6ld\u00f6zn\u00fcnk kellett r\u00e1. Az els\u0151 becsap\u00f3d\u00f3<br>gr\u00e1n\u00e1t a sz\u00edv\u00fcnket tal\u00e1lta. El vagyunk z\u00e1rva a tev\u00e9kenys\u00e9gt\u0151l, a t\u00f6rekv\u00e9st\u0151l, a<br>halad\u00e1st\u00f3l. Nem hisz\u00fcnk t\u00f6bb\u00e9 benne; csak a h\u00e1bor\u00faban hisz\u00fcnk.\u201d<br>\u201eL\u00e1tom, hogy n\u00e9peket hajszolnak egym\u00e1s ellen, s a n\u00e9pek hallgatva, tudatlanul,<br>ostob\u00e1n, engedelmesen, \u00e1rtatlanul meg\u00f6lik egym\u00e1st.\u201d<br>\u00dagy gondolom, ez a k\u00e9t id\u00e9zet h\u00edven t\u00fckr\u00f6zi azt a v\u00e9lem\u00e9nyt, melyet Remarque<br>k\u00e9pvisel a h\u00e1bor\u00faval kapcsolatban. Nem m\u00e1sokt\u00f3l hallott v\u00e9lem\u00e9nyek ezek,<br>saj\u00e1t tapasztalatait \u00edrta meg, nem is ak\u00e1rhogyan! Minden szav\u00e1val egyet\u00e9rtek.<br>Mi v\u00e9gtelen\u00fcl szerencs\u00e9sek vagyunk, b\u00e1rhogy is \u00e9l\u00fcnk kicsiny orsz\u00e1gunkban,<br>hiszen itthon szinte mindenki mentes m\u00e1r a saj\u00e1t h\u00e1bor\u00fas \u00e9lm\u00e9nyekt\u0151l. Csak a<br>nagyon id\u0151sek eml\u00e9keznek r\u00e1, \u0151k is gyermekk\u00e9nt \u00e9lt\u00e9k \u00e1t. De sajnos nem<br>mindenki ilyen szerencs\u00e9s. B\u0151ven vannak ma Eur\u00f3p\u00e1ban \u00e9s vil\u00e1gunkban meg<br>pl\u00e1ne olyanok, akik ugyanazt \u00e9rzik, amit a szerz\u0151 megfogalmazott.<br>Azt hiszem, mindenkinek olvasnia kellene ezt a k\u00f6nyvet!<br>Azt hiszem, \u00f3ri\u00e1si hiba, hogy nem lett k\u00f6telez\u0151 olvasm\u00e1ny, nem lett tananyag,<br>nem hirdetik a mai napig \u00f3ri\u00e1si el\u00e1nnal, hogy olvassa el mindenki a F\u00f6ld\u00f6n!<br>H\u00e1tha nem csak r\u00e1nk, egyszer\u0171 olvas\u00f3kra tesz olyan hat\u00e1st, hogy m\u00e9lyen<br>elgondolkodjuk rajta! H\u00e1tha olyanok is olvasn\u00e1k, akiknek szava, ereje van a<br>vil\u00e1g foly\u00e1s\u00e1val kapcsolatban\u2026 Olvasn\u00e1k \u00e9s meg\u00e9rten\u00e9k, \u00e1t\u00e9ln\u00e9k \u00e9s \u00e1t\u00e9rezn\u00e9k.<br>\u00c9s tenn\u00e9nek az\u00e9rt, hogy megsz\u0171nj\u00f6n a h\u00e1bor\u00fa nev\u0171 dolog \u00f6r\u00f6kre.<br>Na\u00edv v\u00e1gy, de \u00e9n \u0151szint\u00e9n szeretn\u00e9m!<br>Nem akarom elk\u00e9pzelni, milyen lenne, ha nekem is kereszt\u00fcl kellene mennem<br>azokon a borzalmakon, amiken a reg\u00e9nyben szerepl\u0151 emberek kereszt\u00fclmentek.<br>\u0150k \u00e9s m\u00e9g sok milli\u00f3an akkor \u00e9s az\u00f3ta. Hiszen ezt az els\u0151 vil\u00e1g\u00e9g\u00e9st k\u00f6vette egy<br>k\u00f6vetkez\u0151 \u00e9s most is csak egy l\u00e9p\u00e9sre \u00e1llunk a harmadikt\u00f3l, ami val\u00f3sz\u00edn\u0171leg az<br>utols\u00f3 lenne mostani civiliz\u00e1ci\u00f3nk sz\u00e1m\u00e1ra. Sov\u00e1ny vigasz, hogy j\u00f6hetne egy<br>jobb vil\u00e1g. Val\u00f3sz\u00edn\u0171 minden h\u00e1bor\u00fa \u00edgy z\u00e1rult, azt\u00e1n megint nem siker\u00fclt\u2026<br>Jelenleg is zajlik az Afganiszt\u00e1ni h\u00e1bor\u00fa, ami legal\u00e1bb 1,5 milli\u00f3 ember\u00e9letet<br>k\u00f6vetelt, eddig. Az Orosz-Ukr\u00e1n h\u00e1bor\u00fa itt d\u00fal a szomsz\u00e9dunkban, \u00e9s nem sokat<br>tehet\u00fcnk ellene, b\u00e1rki b\u00e1rmit is nyilatkozzon ostoba magabiztoss\u00e1ggal.<\/p>\n\n\n\n<p class=\"has-small-font-size\">Az izraeli-ir\u00e1ni h\u00e1bor\u00fa \u00e9pp id\u00e9n kezd\u0151d\u00f6tt, de van olyan h\u00e1bor\u00fa, nem is egy,<br>ami \u00e9vtizedek \u00f3ta tart Afrik\u00e1ban, D\u00e9l-Amerik\u00e1ban, s\u0151t Indi\u00e1ban is.<br>Az ember rettent\u0151 m\u00f3d b\u00e9k\u00e9tlen faj, saj\u00e1t tapasztalatom az, hogy min\u00e9l<br>fejlettebb\u00e9 v\u00e1lt egy t\u00e1rsadalom, ann\u00e1l ink\u00e1bb t\u00f6rekedett a b\u00e9k\u00e9re \u00e9s mindig j\u00f6tt<br>egy barb\u00e1r horda, ami ezt a b\u00e9k\u00e9t eltiporta. A ter\u00fclet\u00e9rt, p\u00e9nz\u00e9rt, olaj\u00e9rt,<br>hatalom\u00e9rt\u2026<br>Az \u00e9desap\u00e1m (k\u00e9s\u0151n j\u00f6tt, sokadig h\u00e1zass\u00e1gb\u00f3l sz\u00fcletett gyerek vagyok) harcolt a<br>II. Vil\u00e1gh\u00e1bor\u00faban. Miut\u00e1n megsz\u00f6k\u00f6tt az orosz fogs\u00e1gb\u00f3l, ahol elfagyott<br>mink\u00e9t l\u00e1ba, mert elvett\u00e9k a bakancs\u00e1t, hazaj\u00f6tt. Hitte, hogy a haz\u00e1j\u00e1t szolg\u00e1lta.<br>Nos, nem k\u00f6sz\u00f6nt\u00e9k meg neki. Eg\u00e9sz h\u00e1tral\u00e9v\u0151 \u00e9let\u00e9ben csak megvet\u00e9st, b\u00f6rt\u00f6nt<br>\u00e9s h\u00e1tr\u00e1nyos megk\u00fcl\u00f6nb\u00f6ztet\u00e9st kapott emiatt. Hal\u00e1l\u00e1ig harcos maradt. Soha<br>nem \u00e9rtettem, mi\u00e9rt, de miut\u00e1n elolvastam ezt a k\u00f6nyvet, \u00fagy \u00e9rzem, v\u00e9gre<br>meg\u00e9rtettem. Az\u00e9rt harcolt, mert nem tehetett m\u00e1st, mert nem ismert m\u00e1s m\u00f3dot<br>az \u00e9letbenmarad\u00e1sra. Ellopt\u00e1k, el\u0151bb a fiatals\u00e1g\u00e1t, majd az eg\u00e9sz h\u00e1tral\u00e9v\u0151<br>\u00e9let\u00e9t. Ez\u00e9rt kit pereljek be? Hol lehet panaszt tenni? Ki a fen\u00e9t \u00e9rdekel ez a<br>hozz\u00e1tartoz\u00f3kon k\u00edv\u00fcl?<br>Vajon Afrik\u00e1ban h\u00e1ny ilyen megt\u00f6rt lelk\u0171 gyermeket tesznek t\u00f6nkre naponta?<br>H\u00e1ny palesztin, h\u00e1ny izraeli gyermek nem fog ismerni m\u00e1st, csak ezt az \u00e9letet?<br>Lehetne a vil\u00e1gunk minden vil\u00e1gok legjobbika. Minden adott hozz\u00e1. Csod\u00e1s<br>bolyg\u00f3nk teli \u00e9lettel, amit \u00f3vhatn\u00e1nk. J\u00f3 leveg\u0151nk, tiszta vizeink\u2026. Mi\u00e9rt nem<br>megy ez nek\u00fcnk embereknek?<br>Tal\u00e1n nem vagyok el\u00e9g intelligens, hogy meg\u00e9rtsem, mi\u00e9rt van ez \u00edgy, de az<br>eg\u00e9szen biztos, hogy elfogadni egy\u00e1ltal\u00e1n nem tudom.<\/p>\n<\/div>\n<\/div>\n<\/div>\n<\/div>\n\n\n\n<div class=\"wp-block-columns is-layout-flex wp-container-core-columns-is-layout-9d6595d7 wp-block-columns-is-layout-flex\">\n<div class=\"wp-block-column is-layout-flow wp-block-column-is-layout-flow\" style=\"flex-basis:33.33%\">\n<div class=\"wp-block-columns is-layout-flex wp-container-core-columns-is-layout-9d6595d7 wp-block-columns-is-layout-flex\">\n<div class=\"wp-block-column is-layout-flow wp-block-column-is-layout-flow\" style=\"flex-basis:33.33%\"><\/div>\n\n\n\n<div class=\"wp-block-column is-layout-flow wp-block-column-is-layout-flow\" style=\"flex-basis:66.66%\"><\/div>\n<\/div>\n<\/div>\n\n\n\n<div class=\"wp-block-column is-layout-flow wp-block-column-is-layout-flow\" style=\"flex-basis:66.66%\"><\/div>\n<\/div>\n","protected":false},"excerpt":{"rendered":"<p>Erich Maria Remarque: Nyugaton a helyzet v\u00e1ltozatlan \u201e\u2013 A h\u00e1bor\u00fa alkalmatlann\u00e1 tett benn\u00fcnket mindenre.&nbsp;&nbsp;&nbsp;&nbsp;Igaza van. Mi m\u00e1r nem vagyunk ifj\u00fas\u00e1g. Menek\u00fcl\u0151k vagyunk. Menek\u00fcl\u00fcnk\u00f6nmagunk el\u0151l. Az \u00e9let\u00fcnk el\u0151l. Tizennyolc esztend\u0151sek voltunk, s kezdt\u00fckszeretni a vil\u00e1got \u00e9s az \u00e9letet; \u00e9s l\u00f6v\u00f6ld\u00f6zn\u00fcnk kellett r\u00e1. Az els\u0151 becsap\u00f3d\u00f3gr\u00e1n\u00e1t a sz\u00edv\u00fcnket tal\u00e1lta. El vagyunk z\u00e1rva a tev\u00e9kenys\u00e9gt\u0151l, a t\u00f6rekv\u00e9st\u0151l, ahalad\u00e1st\u00f3l. [&hellip;]<\/p>\n","protected":false},"author":1,"featured_media":0,"parent":0,"menu_order":0,"comment_status":"closed","ping_status":"closed","template":"","meta":{"footnotes":""},"class_list":["post-124","page","type-page","status-publish","hentry","post"],"_links":{"self":[{"href":"https:\/\/evykonyvei.hu\/index.php?rest_route=\/wp\/v2\/pages\/124","targetHints":{"allow":["GET"]}}],"collection":[{"href":"https:\/\/evykonyvei.hu\/index.php?rest_route=\/wp\/v2\/pages"}],"about":[{"href":"https:\/\/evykonyvei.hu\/index.php?rest_route=\/wp\/v2\/types\/page"}],"author":[{"embeddable":true,"href":"https:\/\/evykonyvei.hu\/index.php?rest_route=\/wp\/v2\/users\/1"}],"replies":[{"embeddable":true,"href":"https:\/\/evykonyvei.hu\/index.php?rest_route=%2Fwp%2Fv2%2Fcomments&post=124"}],"version-history":[{"count":6,"href":"https:\/\/evykonyvei.hu\/index.php?rest_route=\/wp\/v2\/pages\/124\/revisions"}],"predecessor-version":[{"id":168,"href":"https:\/\/evykonyvei.hu\/index.php?rest_route=\/wp\/v2\/pages\/124\/revisions\/168"}],"wp:attachment":[{"href":"https:\/\/evykonyvei.hu\/index.php?rest_route=%2Fwp%2Fv2%2Fmedia&parent=124"}],"curies":[{"name":"wp","href":"https:\/\/api.w.org\/{rel}","templated":true}]}}

Nyugaton a helyzet változatlan

<div class="wp-block-columns is-layout-flex wp-container-core-columns-is-layout-9d6595d7 wp-block-columns-is-layout-flex">
<div class="wp-block-column is-layout-flow wp-block-column-is-layout-flow" style="flex-basis:100%">
<div class="wp-block-columns is-layout-flex wp-container-core-columns-is-layout-9d6595d7 wp-block-columns-is-layout-flex">
<div class="wp-block-column is-layout-flow wp-block-column-is-layout-flow" style="flex-basis:33.33%">
<figure class="wp-block-image size-full"><img loading="lazy" decoding="async" width="312" height="500" src="https://evykonyvei.hu/wp-content/uploads/2025/09/nyugatonahelyzet.jpg" alt="" class="wp-image-127" style="object-fit:cover" srcset="https://evykonyvei.hu/wp-content/uploads/2025/09/nyugatonahelyzet.jpg 312w, https://evykonyvei.hu/wp-content/uploads/2025/09/nyugatonahelyzet-187x300.jpg 187w" sizes="auto, (max-width: 312px) 100vw, 312px" /></figure>
</div>



<div class="wp-block-column is-layout-flow wp-block-column-is-layout-flow" style="flex-basis:66.66%">
<p class="has-medium-font-size"><strong>Erich Maria Remarque: Nyugaton a helyzet változatlan</strong></p>



<p class="has-small-font-size">„– A háború alkalmatlanná tett bennünket mindenre.<br>&nbsp;&nbsp;&nbsp;&nbsp;Igaza van. Mi már nem vagyunk ifjúság. Menekülők vagyunk. Menekülünk<br>önmagunk elől. Az életünk elől. Tizennyolc esztendősek voltunk, s kezdtük<br>szeretni a világot és az életet; és lövöldöznünk kellett rá. Az első becsapódó<br>gránát a szívünket találta. El vagyunk zárva a tevékenységtől, a törekvéstől, a<br>haladástól. Nem hiszünk többé benne; csak a háborúban hiszünk.”<br>„Látom, hogy népeket hajszolnak egymás ellen, s a népek hallgatva, tudatlanul,<br>ostobán, engedelmesen, ártatlanul megölik egymást.”<br>Úgy gondolom, ez a két idézet híven tükrözi azt a véleményt, melyet Remarque<br>képvisel a háborúval kapcsolatban. Nem másoktól hallott vélemények ezek,<br>saját tapasztalatait írta meg, nem is akárhogyan! Minden szavával egyetértek.<br>Mi végtelenül szerencsések vagyunk, bárhogy is élünk kicsiny országunkban,<br>hiszen itthon szinte mindenki mentes már a saját háborús élményektől. Csak a<br>nagyon idősek emlékeznek rá, ők is gyermekként élték át. De sajnos nem<br>mindenki ilyen szerencsés. Bőven vannak ma Európában és világunkban meg<br>pláne olyanok, akik ugyanazt érzik, amit a szerző megfogalmazott.<br>Azt hiszem, mindenkinek olvasnia kellene ezt a könyvet!<br>Azt hiszem, óriási hiba, hogy nem lett kötelező olvasmány, nem lett tananyag,<br>nem hirdetik a mai napig óriási elánnal, hogy olvassa el mindenki a Földön!<br>Hátha nem csak ránk, egyszerű olvasókra tesz olyan hatást, hogy mélyen<br>elgondolkodjuk rajta! Hátha olyanok is olvasnák, akiknek szava, ereje van a<br>világ folyásával kapcsolatban… Olvasnák és megértenék, átélnék és átéreznék.<br>És tennének azért, hogy megszűnjön a háború nevű dolog örökre.<br>Naív vágy, de én őszintén szeretném!<br>Nem akarom elképzelni, milyen lenne, ha nekem is keresztül kellene mennem<br>azokon a borzalmakon, amiken a regényben szereplő emberek keresztülmentek.<br>Ők és még sok millióan akkor és azóta. Hiszen ezt az első világégést követte egy<br>következő és most is csak egy lépésre állunk a harmadiktól, ami valószínűleg az<br>utolsó lenne mostani civilizációnk számára. Sovány vigasz, hogy jöhetne egy<br>jobb világ. Valószínű minden háború így zárult, aztán megint nem sikerült…<br>Jelenleg is zajlik az Afganisztáni háború, ami legalább 1,5 millió emberéletet<br>követelt, eddig. Az Orosz-Ukrán háború itt dúl a szomszédunkban, és nem sokat<br>tehetünk ellene, bárki bármit is nyilatkozzon ostoba magabiztossággal.</p>



<p class="has-small-font-size">Az izraeli-iráni háború épp idén kezdődött, de van olyan háború, nem is egy,<br>ami évtizedek óta tart Afrikában, Dél-Amerikában, sőt Indiában is.<br>Az ember rettentő mód békétlen faj, saját tapasztalatom az, hogy minél<br>fejlettebbé vált egy társadalom, annál inkább törekedett a békére és mindig jött<br>egy barbár horda, ami ezt a békét eltiporta. A területért, pénzért, olajért,<br>hatalomért…<br>Az édesapám (későn jött, sokadig házasságból született gyerek vagyok) harcolt a<br>II. Világháborúban. Miután megszökött az orosz fogságból, ahol elfagyott<br>minkét lába, mert elvették a bakancsát, hazajött. Hitte, hogy a hazáját szolgálta.<br>Nos, nem köszönték meg neki. Egész hátralévő életében csak megvetést, börtönt<br>és hátrányos megkülönböztetést kapott emiatt. Haláláig harcos maradt. Soha<br>nem értettem, miért, de miután elolvastam ezt a könyvet, úgy érzem, végre<br>megértettem. Azért harcolt, mert nem tehetett mást, mert nem ismert más módot<br>az életbenmaradásra. Ellopták, előbb a fiatalságát, majd az egész hátralévő<br>életét. Ezért kit pereljek be? Hol lehet panaszt tenni? Ki a fenét érdekel ez a<br>hozzátartozókon kívül?<br>Vajon Afrikában hány ilyen megtört lelkű gyermeket tesznek tönkre naponta?<br>Hány palesztin, hány izraeli gyermek nem fog ismerni mást, csak ezt az életet?<br>Lehetne a világunk minden világok legjobbika. Minden adott hozzá. Csodás<br>bolygónk teli élettel, amit óvhatnánk. Jó levegőnk, tiszta vizeink…. Miért nem<br>megy ez nekünk embereknek?<br>Talán nem vagyok elég intelligens, hogy megértsem, miért van ez így, de az<br>egészen biztos, hogy elfogadni egyáltalán nem tudom.</p>
</div>
</div>
</div>
</div>



<div class="wp-block-columns is-layout-flex wp-container-core-columns-is-layout-9d6595d7 wp-block-columns-is-layout-flex">
<div class="wp-block-column is-layout-flow wp-block-column-is-layout-flow" style="flex-basis:33.33%">
<div class="wp-block-columns is-layout-flex wp-container-core-columns-is-layout-9d6595d7 wp-block-columns-is-layout-flex">
<div class="wp-block-column is-layout-flow wp-block-column-is-layout-flow" style="flex-basis:33.33%"></div>



<div class="wp-block-column is-layout-flow wp-block-column-is-layout-flow" style="flex-basis:66.66%"></div>
</div>
</div>



<div class="wp-block-column is-layout-flow wp-block-column-is-layout-flow" style="flex-basis:66.66%"></div>
</div>

<p>Erich Maria Remarque: Nyugaton a helyzet változatlan „– A háború alkalmatlanná tett bennünket mindenre.&nbsp;&nbsp;&nbsp;&nbsp;Igaza van. Mi már nem vagyunk ifjúság. Menekülők vagyunk. Menekülünkönmagunk elől. Az életünk elől. Tizennyolc esztendősek voltunk, s kezdtükszeretni a világot és az életet; és lövöldöznünk kellett rá. Az első becsapódógránát a szívünket találta. El vagyunk zárva a tevékenységtől, a törekvéstől, ahaladástól. [&hellip;]</p>
