{"id":152,"date":"2025-09-16T15:35:17","date_gmt":"2025-09-16T13:35:17","guid":{"rendered":"https:\/\/evykonyvei.hu\/?page_id=152"},"modified":"2025-09-16T15:59:30","modified_gmt":"2025-09-16T13:59:30","slug":"konyvek-amik-adnak","status":"publish","type":"page","link":"https:\/\/evykonyvei.hu\/?page_id=152","title":{"rendered":"K\u00f6nyvek, amik adnak"},"content":{"rendered":"\n<div class=\"wp-block-columns is-layout-flex wp-container-core-columns-is-layout-9d6595d7 wp-block-columns-is-layout-flex\">\n<div class=\"wp-block-column is-layout-flow wp-block-column-is-layout-flow\" style=\"flex-basis:33.33%\">\n<figure class=\"wp-block-gallery aligncenter has-nested-images columns-default is-cropped wp-block-gallery-1 is-layout-flex wp-block-gallery-is-layout-flex\">\n<figure class=\"wp-block-image size-full is-style-default\"><img loading=\"lazy\" decoding=\"async\" width=\"312\" height=\"500\" data-id=\"127\" src=\"https:\/\/evykonyvei.hu\/wp-content\/uploads\/2025\/09\/nyugatonahelyzet.jpg\" alt=\"\" class=\"wp-image-127\" srcset=\"https:\/\/evykonyvei.hu\/wp-content\/uploads\/2025\/09\/nyugatonahelyzet.jpg 312w, https:\/\/evykonyvei.hu\/wp-content\/uploads\/2025\/09\/nyugatonahelyzet-187x300.jpg 187w\" sizes=\"auto, (max-width: 312px) 100vw, 312px\" \/><\/figure>\n<\/figure>\n<\/div>\n\n\n\n<div class=\"wp-block-column is-layout-flow wp-block-column-is-layout-flow\" style=\"flex-basis:66.66%\">\n<p class=\"has-medium-font-size\"><strong>Erich Maria Remarque: Nyugaton a helyzet v\u00e1ltozatlan<\/strong><br>\u201e\u2013 A h\u00e1bor\u00fa alkalmatlann\u00e1 tett benn\u00fcnket mindenre.<br>Igaza van. Mi m\u00e1r nem vagyunk ifj\u00fas\u00e1g. Menek\u00fcl\u0151k vagyunk. Menek\u00fcl\u00fcnk \u00f6nmagunk el\u0151l. Az \u00e9let\u00fcnk el\u0151l. Tizennyolc esztend\u0151sek voltunk, s kezdt\u00fck szeretni a vil\u00e1got \u00e9s az \u00e9letet; \u00e9s l\u00f6v\u00f6ld\u00f6zn\u00fcnk kellett r\u00e1. Az els\u0151 becsap\u00f3d\u00f3 gr\u00e1n\u00e1t a sz\u00edv\u00fcnket tal\u00e1lta. El vagyunk z\u00e1rva a tev\u00e9kenys\u00e9gt\u0151l, a t\u00f6rekv\u00e9st\u0151l, a<br>halad\u00e1st\u00f3l. Nem hisz\u00fcnk t\u00f6bb\u00e9 benne; csak a h\u00e1bor\u00faban hisz\u00fcnk.\u201d<\/p>\n\n\n\n<p class=\"has-text-align-right\"><a href=\"https:\/\/evykonyvei.hu\/?page_id=124\">Tov\u00e1bb olvasom<\/a><\/p>\n<\/div>\n<\/div>\n","protected":false},"excerpt":{"rendered":"<p>Erich Maria Remarque: Nyugaton a helyzet v\u00e1ltozatlan\u201e\u2013 A h\u00e1bor\u00fa alkalmatlann\u00e1 tett benn\u00fcnket mindenre.Igaza van. Mi m\u00e1r nem vagyunk ifj\u00fas\u00e1g. Menek\u00fcl\u0151k vagyunk. Menek\u00fcl\u00fcnk \u00f6nmagunk el\u0151l. Az \u00e9let\u00fcnk el\u0151l. Tizennyolc esztend\u0151sek voltunk, s kezdt\u00fck szeretni a vil\u00e1got \u00e9s az \u00e9letet; \u00e9s l\u00f6v\u00f6ld\u00f6zn\u00fcnk kellett r\u00e1. Az els\u0151 becsap\u00f3d\u00f3 gr\u00e1n\u00e1t a sz\u00edv\u00fcnket tal\u00e1lta. El vagyunk z\u00e1rva a tev\u00e9kenys\u00e9gt\u0151l, a [&hellip;]<\/p>\n","protected":false},"author":1,"featured_media":127,"parent":0,"menu_order":0,"comment_status":"closed","ping_status":"closed","template":"","meta":{"footnotes":""},"class_list":["post-152","page","type-page","status-publish","has-post-thumbnail","hentry","post","post-with-thumbnail","post-with-thumbnail-large"],"_links":{"self":[{"href":"https:\/\/evykonyvei.hu\/index.php?rest_route=\/wp\/v2\/pages\/152","targetHints":{"allow":["GET"]}}],"collection":[{"href":"https:\/\/evykonyvei.hu\/index.php?rest_route=\/wp\/v2\/pages"}],"about":[{"href":"https:\/\/evykonyvei.hu\/index.php?rest_route=\/wp\/v2\/types\/page"}],"author":[{"embeddable":true,"href":"https:\/\/evykonyvei.hu\/index.php?rest_route=\/wp\/v2\/users\/1"}],"replies":[{"embeddable":true,"href":"https:\/\/evykonyvei.hu\/index.php?rest_route=%2Fwp%2Fv2%2Fcomments&post=152"}],"version-history":[{"count":3,"href":"https:\/\/evykonyvei.hu\/index.php?rest_route=\/wp\/v2\/pages\/152\/revisions"}],"predecessor-version":[{"id":164,"href":"https:\/\/evykonyvei.hu\/index.php?rest_route=\/wp\/v2\/pages\/152\/revisions\/164"}],"wp:featuredmedia":[{"embeddable":true,"href":"https:\/\/evykonyvei.hu\/index.php?rest_route=\/wp\/v2\/media\/127"}],"wp:attachment":[{"href":"https:\/\/evykonyvei.hu\/index.php?rest_route=%2Fwp%2Fv2%2Fmedia&parent=152"}],"curies":[{"name":"wp","href":"https:\/\/api.w.org\/{rel}","templated":true}]}}

Könyvek, amik adnak

<div class="wp-block-columns is-layout-flex wp-container-core-columns-is-layout-9d6595d7 wp-block-columns-is-layout-flex">
<div class="wp-block-column is-layout-flow wp-block-column-is-layout-flow" style="flex-basis:33.33%">
<figure class="wp-block-gallery aligncenter has-nested-images columns-default is-cropped wp-block-gallery-1 is-layout-flex wp-block-gallery-is-layout-flex">
<figure class="wp-block-image size-full is-style-default"><img loading="lazy" decoding="async" width="312" height="500" data-id="127" src="https://evykonyvei.hu/wp-content/uploads/2025/09/nyugatonahelyzet.jpg" alt="" class="wp-image-127" srcset="https://evykonyvei.hu/wp-content/uploads/2025/09/nyugatonahelyzet.jpg 312w, https://evykonyvei.hu/wp-content/uploads/2025/09/nyugatonahelyzet-187x300.jpg 187w" sizes="auto, (max-width: 312px) 100vw, 312px" /></figure>
</figure>
</div>



<div class="wp-block-column is-layout-flow wp-block-column-is-layout-flow" style="flex-basis:66.66%">
<p class="has-medium-font-size"><strong>Erich Maria Remarque: Nyugaton a helyzet változatlan</strong><br>„– A háború alkalmatlanná tett bennünket mindenre.<br>Igaza van. Mi már nem vagyunk ifjúság. Menekülők vagyunk. Menekülünk önmagunk elől. Az életünk elől. Tizennyolc esztendősek voltunk, s kezdtük szeretni a világot és az életet; és lövöldöznünk kellett rá. Az első becsapódó gránát a szívünket találta. El vagyunk zárva a tevékenységtől, a törekvéstől, a<br>haladástól. Nem hiszünk többé benne; csak a háborúban hiszünk.”</p>



<p class="has-text-align-right"><a href="https://evykonyvei.hu/?page_id=124">Tovább olvasom</a></p>
</div>
</div>

<p>Erich Maria Remarque: Nyugaton a helyzet változatlan„– A háború alkalmatlanná tett bennünket mindenre.Igaza van. Mi már nem vagyunk ifjúság. Menekülők vagyunk. Menekülünk önmagunk elől. Az életünk elől. Tizennyolc esztendősek voltunk, s kezdtük szeretni a világot és az életet; és lövöldöznünk kellett rá. Az első becsapódó gránát a szívünket találta. El vagyunk zárva a tevékenységtől, a [&hellip;]</p>
