{"id":2,"date":"2025-06-05T23:13:15","date_gmt":"2025-06-05T21:13:15","guid":{"rendered":"https:\/\/evykonyvei.hu\/?page_id=2"},"modified":"2025-09-16T15:35:46","modified_gmt":"2025-09-16T13:35:46","slug":"ez-egy-minta-oldal","status":"publish","type":"page","link":"https:\/\/evykonyvei.hu\/?page_id=2","title":{"rendered":"K\u00f6nyvek"},"content":{"rendered":"\n<div class=\"wp-block-group\"><div class=\"wp-block-group__inner-container is-layout-constrained wp-block-group-is-layout-constrained\">\n<div class=\"wp-block-columns is-layout-flex wp-container-core-columns-is-layout-9d6595d7 wp-block-columns-is-layout-flex\">\n<div class=\"wp-block-column is-layout-flow wp-block-column-is-layout-flow\" style=\"flex-basis:100%\">\n<div class=\"wp-block-columns is-layout-flex wp-container-core-columns-is-layout-9d6595d7 wp-block-columns-is-layout-flex\">\n<div class=\"wp-block-column is-layout-flow wp-block-column-is-layout-flow\">\n<figure class=\"wp-block-image size-large\"><a href=\"https:\/\/evykonyvei.hu\/?page_id=152\"><img loading=\"lazy\" decoding=\"async\" width=\"1024\" height=\"768\" src=\"https:\/\/evykonyvei.hu\/wp-content\/uploads\/2025\/09\/c07a0da4-22a1-455a-be02-376d7232a52e-1024x768.jpg\" alt=\"\" class=\"wp-image-35\" srcset=\"https:\/\/evykonyvei.hu\/wp-content\/uploads\/2025\/09\/c07a0da4-22a1-455a-be02-376d7232a52e-1024x768.jpg 1024w, https:\/\/evykonyvei.hu\/wp-content\/uploads\/2025\/09\/c07a0da4-22a1-455a-be02-376d7232a52e-300x225.jpg 300w, https:\/\/evykonyvei.hu\/wp-content\/uploads\/2025\/09\/c07a0da4-22a1-455a-be02-376d7232a52e-768x576.jpg 768w, https:\/\/evykonyvei.hu\/wp-content\/uploads\/2025\/09\/c07a0da4-22a1-455a-be02-376d7232a52e-1536x1152.jpg 1536w, https:\/\/evykonyvei.hu\/wp-content\/uploads\/2025\/09\/c07a0da4-22a1-455a-be02-376d7232a52e.jpg 1600w\" sizes=\"auto, (max-width: 1024px) 100vw, 1024px\" \/><\/a><figcaption class=\"wp-element-caption\">Az \u00e1ltalam olvasott k\u00f6nyvek k\u00f6z\u00fcl a legjobbak. Melyek nyomot hagynak a lelken, amiket igaz\u00e1n \u00e9lm\u00e9ny volt olvasnom. Amik\u00e9rt igaz\u00e1n \u00e9rdemes olvasni &#8211; szerintem.<\/figcaption><\/figure>\n<\/div>\n\n\n\n<div class=\"wp-block-column is-layout-flow wp-block-column-is-layout-flow\">\n<figure class=\"wp-block-image size-large\"><img loading=\"lazy\" decoding=\"async\" width=\"1024\" height=\"768\" src=\"https:\/\/evykonyvei.hu\/wp-content\/uploads\/2025\/09\/fe3552a4-4982-48e6-abb6-794ed3640352-1024x768.jpg\" alt=\"\" class=\"wp-image-37\" srcset=\"https:\/\/evykonyvei.hu\/wp-content\/uploads\/2025\/09\/fe3552a4-4982-48e6-abb6-794ed3640352-1024x768.jpg 1024w, https:\/\/evykonyvei.hu\/wp-content\/uploads\/2025\/09\/fe3552a4-4982-48e6-abb6-794ed3640352-300x225.jpg 300w, https:\/\/evykonyvei.hu\/wp-content\/uploads\/2025\/09\/fe3552a4-4982-48e6-abb6-794ed3640352-768x576.jpg 768w, https:\/\/evykonyvei.hu\/wp-content\/uploads\/2025\/09\/fe3552a4-4982-48e6-abb6-794ed3640352-1536x1152.jpg 1536w, https:\/\/evykonyvei.hu\/wp-content\/uploads\/2025\/09\/fe3552a4-4982-48e6-abb6-794ed3640352.jpg 1600w\" sizes=\"auto, (max-width: 1024px) 100vw, 1024px\" \/><figcaption class=\"wp-element-caption\">J\u00f3 k\u00f6nyvek, izgalmasak, \u00e9rdekesek, sz\u00f3rakoztat\u00f3ak. Nem kidobott id\u0151 egyik sem. Nem b\u00e1nod meg, ha elolvasod, de val\u00f3sz\u00edn\u0171 nem akarod \u00fajraolvasni.<\/figcaption><\/figure>\n<\/div>\n\n\n\n<div class=\"wp-block-column is-layout-flow wp-block-column-is-layout-flow\">\n<figure class=\"wp-block-image size-large\"><img loading=\"lazy\" decoding=\"async\" width=\"1024\" height=\"768\" src=\"https:\/\/evykonyvei.hu\/wp-content\/uploads\/2025\/09\/24fe06e2-a4a2-4296-bfef-56818486fbbb-1024x768.jpg\" alt=\"\" class=\"wp-image-33\" srcset=\"https:\/\/evykonyvei.hu\/wp-content\/uploads\/2025\/09\/24fe06e2-a4a2-4296-bfef-56818486fbbb-1024x768.jpg 1024w, https:\/\/evykonyvei.hu\/wp-content\/uploads\/2025\/09\/24fe06e2-a4a2-4296-bfef-56818486fbbb-300x225.jpg 300w, https:\/\/evykonyvei.hu\/wp-content\/uploads\/2025\/09\/24fe06e2-a4a2-4296-bfef-56818486fbbb-768x576.jpg 768w, https:\/\/evykonyvei.hu\/wp-content\/uploads\/2025\/09\/24fe06e2-a4a2-4296-bfef-56818486fbbb-1536x1152.jpg 1536w, https:\/\/evykonyvei.hu\/wp-content\/uploads\/2025\/09\/24fe06e2-a4a2-4296-bfef-56818486fbbb.jpg 1600w\" sizes=\"auto, (max-width: 1024px) 100vw, 1024px\" \/><figcaption class=\"wp-element-caption\">Ezek a k\u00f6nyvek nekem nem j\u00f6ttek be. Kihagyn\u00e1m \u0151ket, ha visszamehetn\u00e9k az id\u0151ben.<\/figcaption><\/figure>\n<\/div>\n\n\n\n<div class=\"wp-block-column is-layout-flow wp-block-column-is-layout-flow\">\n<figure class=\"wp-block-image size-large\"><a href=\"https:\/\/evykonyvei.hu\/?page_id=70\"><img loading=\"lazy\" decoding=\"async\" width=\"1024\" height=\"768\" src=\"https:\/\/evykonyvei.hu\/wp-content\/uploads\/2025\/09\/8328b02e-8ad4-4a45-b9bc-7b44376e3274-1024x768.jpg\" alt=\"\" class=\"wp-image-34\" srcset=\"https:\/\/evykonyvei.hu\/wp-content\/uploads\/2025\/09\/8328b02e-8ad4-4a45-b9bc-7b44376e3274-1024x768.jpg 1024w, https:\/\/evykonyvei.hu\/wp-content\/uploads\/2025\/09\/8328b02e-8ad4-4a45-b9bc-7b44376e3274-300x225.jpg 300w, https:\/\/evykonyvei.hu\/wp-content\/uploads\/2025\/09\/8328b02e-8ad4-4a45-b9bc-7b44376e3274-768x576.jpg 768w, https:\/\/evykonyvei.hu\/wp-content\/uploads\/2025\/09\/8328b02e-8ad4-4a45-b9bc-7b44376e3274-1536x1152.jpg 1536w, https:\/\/evykonyvei.hu\/wp-content\/uploads\/2025\/09\/8328b02e-8ad4-4a45-b9bc-7b44376e3274.jpg 1600w\" sizes=\"auto, (max-width: 1024px) 100vw, 1024px\" \/><\/a><figcaption class=\"wp-element-caption\">Csak Agatha Christie. A Krimi Kir\u00e1lyn\u0151j\u00e9nek k\u00f6nyvei a kiss\u00e9 gyenguszokt\u00f3l a legkiv\u00e1l\u00f3bbakig.  El\u00e9g sok van, seg\u00edtek kiv\u00e1logatni a jav\u00e1t! \ud83d\ude42<\/figcaption><\/figure>\n<\/div>\n<\/div>\n<\/div>\n<\/div>\n\n\n<div id=\"pl-gb2-69f3f4a52cffe\"  class=\"panel-layout\" ><div id=\"pg-gb2-69f3f4a52cffe-0\"  class=\"panel-grid panel-no-style\" ><div id=\"pgc-gb2-69f3f4a52cffe-0-0\"  class=\"panel-grid-cell\" ><\/div><\/div><\/div><\/div><\/div>\n","protected":false},"excerpt":{"rendered":"","protected":false},"author":1,"featured_media":0,"parent":0,"menu_order":0,"comment_status":"closed","ping_status":"open","template":"templates\/template-full.php","meta":{"footnotes":""},"class_list":["post-2","page","type-page","status-publish","hentry","post"],"_links":{"self":[{"href":"https:\/\/evykonyvei.hu\/index.php?rest_route=\/wp\/v2\/pages\/2","targetHints":{"allow":["GET"]}}],"collection":[{"href":"https:\/\/evykonyvei.hu\/index.php?rest_route=\/wp\/v2\/pages"}],"about":[{"href":"https:\/\/evykonyvei.hu\/index.php?rest_route=\/wp\/v2\/types\/page"}],"author":[{"embeddable":true,"href":"https:\/\/evykonyvei.hu\/index.php?rest_route=\/wp\/v2\/users\/1"}],"replies":[{"embeddable":true,"href":"https:\/\/evykonyvei.hu\/index.php?rest_route=%2Fwp%2Fv2%2Fcomments&post=2"}],"version-history":[{"count":24,"href":"https:\/\/evykonyvei.hu\/index.php?rest_route=\/wp\/v2\/pages\/2\/revisions"}],"predecessor-version":[{"id":154,"href":"https:\/\/evykonyvei.hu\/index.php?rest_route=\/wp\/v2\/pages\/2\/revisions\/154"}],"wp:attachment":[{"href":"https:\/\/evykonyvei.hu\/index.php?rest_route=%2Fwp%2Fv2%2Fmedia&parent=2"}],"curies":[{"name":"wp","href":"https:\/\/api.w.org\/{rel}","templated":true}]}}