{"id":95,"date":"2025-09-16T12:17:50","date_gmt":"2025-09-16T10:17:50","guid":{"rendered":"https:\/\/evykonyvei.hu\/?page_id=95"},"modified":"2025-09-16T14:47:56","modified_gmt":"2025-09-16T12:47:56","slug":"a-legjobbak","status":"publish","type":"page","link":"https:\/\/evykonyvei.hu\/?page_id=95","title":{"rendered":"A legjobbak"},"content":{"rendered":"\n<div class=\"wp-block-columns is-layout-flex wp-container-core-columns-is-layout-9d6595d7 wp-block-columns-is-layout-flex\">\n<div class=\"wp-block-column is-layout-flow wp-block-column-is-layout-flow\" style=\"flex-basis:33.33%\"><div class=\"wp-block-image\">\n<figure class=\"aligncenter size-full is-resized\"><img loading=\"lazy\" decoding=\"async\" width=\"305\" height=\"500\" src=\"https:\/\/evykonyvei.hu\/wp-content\/uploads\/2025\/09\/tizkicsineger.jpg\" alt=\"\" class=\"wp-image-84\" style=\"width:auto;height:280px\" srcset=\"https:\/\/evykonyvei.hu\/wp-content\/uploads\/2025\/09\/tizkicsineger.jpg 305w, https:\/\/evykonyvei.hu\/wp-content\/uploads\/2025\/09\/tizkicsineger-183x300.jpg 183w\" sizes=\"auto, (max-width: 305px) 100vw, 305px\" \/><\/figure>\n<\/div><\/div>\n\n\n\n<div class=\"wp-block-column is-layout-flow wp-block-column-is-layout-flow\" style=\"flex-basis:66.66%\">\n<p class=\"has-medium-font-size\"><strong>Agatha Christie: T\u00edz kicsi n\u00e9ger<\/strong><br>\u201eA T\u00edz kicsi n\u00e9ger a legn\u00e9pszer\u0171bb k\u00f6nyve, 100 milli\u00f3s eladott p\u00e9ld\u00e1nysz\u00e1mmal, amivel<br>ez a legkeresettebb krimi \u00e9s egyike a vil\u00e1g legt\u00f6bbsz\u00f6r \u00e9rt\u00e9kes\u00edtett k\u00f6nyveinek.\u201d<br>charvari.blog.hu<\/p>\n\n\n\n<p class=\"has-text-align-right\"><a href=\"https:\/\/evykonyvei.hu\/?page_id=78\">Tov\u00e1bb olvasom<\/a><\/p>\n<\/div>\n<\/div>\n\n\n\n<div class=\"wp-block-columns is-layout-flex wp-container-core-columns-is-layout-9d6595d7 wp-block-columns-is-layout-flex\">\n<div class=\"wp-block-column is-layout-flow wp-block-column-is-layout-flow\" style=\"flex-basis:33.33%\"><div class=\"wp-block-image\">\n<figure class=\"aligncenter size-full is-resized\"><img loading=\"lazy\" decoding=\"async\" width=\"306\" height=\"500\" src=\"https:\/\/evykonyvei.hu\/wp-content\/uploads\/2025\/09\/otkismalac.jpg\" alt=\"\" class=\"wp-image-105\" style=\"width:auto;height:280px\" srcset=\"https:\/\/evykonyvei.hu\/wp-content\/uploads\/2025\/09\/otkismalac.jpg 306w, https:\/\/evykonyvei.hu\/wp-content\/uploads\/2025\/09\/otkismalac-184x300.jpg 184w\" sizes=\"auto, (max-width: 306px) 100vw, 306px\" \/><\/figure>\n<\/div><\/div>\n\n\n\n<div class=\"wp-block-column is-layout-flow wp-block-column-is-layout-flow\" style=\"flex-basis:66.66%\">\n<p class=\"has-medium-font-size\"><strong>Agatha Christie: \u00d6t kismalac<\/strong><br>\u201e\u2013 Kedv\u00e9t lelheti az ember az igazs\u00e1g keres\u00e9s\u00e9ben puszt\u00e1n mag\u00e1\u00e9rt az igazs\u00e1g\u00e9rt is.\u201d<br>\u201eEgy kismalac piacra j\u00e1rt,<br>Egy kismalac meg otthon \u00fclt,<br>Egy kismalac sok h\u00fast evett,<br>Egy kismalac hoppon maradt,<br>Egy kismalac vis\u00edt nagyot: uiii uiii \u00e9hes vagyok!\u201d<\/p>\n\n\n\n<p class=\"has-text-align-right\"><a href=\"https:\/\/evykonyvei.hu\/?page_id=116\">Tov\u00e1bb olvasom<\/a><\/p>\n<\/div>\n<\/div>\n","protected":false},"excerpt":{"rendered":"<p>Agatha Christie: T\u00edz kicsi n\u00e9ger\u201eA T\u00edz kicsi n\u00e9ger a legn\u00e9pszer\u0171bb k\u00f6nyve, 100 milli\u00f3s eladott p\u00e9ld\u00e1nysz\u00e1mmal, amivelez a legkeresettebb krimi \u00e9s egyike a vil\u00e1g legt\u00f6bbsz\u00f6r \u00e9rt\u00e9kes\u00edtett k\u00f6nyveinek.\u201dcharvari.blog.hu Tov\u00e1bb olvasom Agatha Christie: \u00d6t kismalac\u201e\u2013 Kedv\u00e9t lelheti az ember az igazs\u00e1g keres\u00e9s\u00e9ben puszt\u00e1n mag\u00e1\u00e9rt az igazs\u00e1g\u00e9rt is.\u201d\u201eEgy kismalac piacra j\u00e1rt,Egy kismalac meg otthon \u00fclt,Egy kismalac sok h\u00fast evett,Egy [&hellip;]<\/p>\n","protected":false},"author":1,"featured_media":0,"parent":0,"menu_order":0,"comment_status":"closed","ping_status":"closed","template":"templates\/template-full.php","meta":{"footnotes":""},"class_list":["post-95","page","type-page","status-publish","hentry","post"],"_links":{"self":[{"href":"https:\/\/evykonyvei.hu\/index.php?rest_route=\/wp\/v2\/pages\/95","targetHints":{"allow":["GET"]}}],"collection":[{"href":"https:\/\/evykonyvei.hu\/index.php?rest_route=\/wp\/v2\/pages"}],"about":[{"href":"https:\/\/evykonyvei.hu\/index.php?rest_route=\/wp\/v2\/types\/page"}],"author":[{"embeddable":true,"href":"https:\/\/evykonyvei.hu\/index.php?rest_route=\/wp\/v2\/users\/1"}],"replies":[{"embeddable":true,"href":"https:\/\/evykonyvei.hu\/index.php?rest_route=%2Fwp%2Fv2%2Fcomments&post=95"}],"version-history":[{"count":8,"href":"https:\/\/evykonyvei.hu\/index.php?rest_route=\/wp\/v2\/pages\/95\/revisions"}],"predecessor-version":[{"id":128,"href":"https:\/\/evykonyvei.hu\/index.php?rest_route=\/wp\/v2\/pages\/95\/revisions\/128"}],"wp:attachment":[{"href":"https:\/\/evykonyvei.hu\/index.php?rest_route=%2Fwp%2Fv2%2Fmedia&parent=95"}],"curies":[{"name":"wp","href":"https:\/\/api.w.org\/{rel}","templated":true}]}}